{"id":269,"date":"2020-08-20T14:37:55","date_gmt":"2020-08-20T14:37:55","guid":{"rendered":"https:\/\/kita-padenstedt.de\/?page_id=269"},"modified":"2025-03-17T11:14:06","modified_gmt":"2025-03-17T10:14:06","slug":"igelgruppe","status":"publish","type":"page","link":"https:\/\/kita-padenstedt.de\/index.php\/igelgruppe\/","title":{"rendered":"Igelgruppe"},"content":{"rendered":"<p>&nbsp;<img loading=\"lazy\" decoding=\"async\" class=\"size-medium wp-image-397 alignleft\" src=\"https:\/\/kita-padenstedt.de\/wp-content\/uploads\/2020\/08\/DSC03338-5-160x300.jpg\" alt=\"\" width=\"160\" height=\"300\" srcset=\"https:\/\/kita-padenstedt.de\/wp-content\/uploads\/2020\/08\/DSC03338-5-160x300.jpg 160w, https:\/\/kita-padenstedt.de\/wp-content\/uploads\/2020\/08\/DSC03338-5-547x1024.jpg 547w, https:\/\/kita-padenstedt.de\/wp-content\/uploads\/2020\/08\/DSC03338-5-768x1438.jpg 768w, https:\/\/kita-padenstedt.de\/wp-content\/uploads\/2020\/08\/DSC03338-5-820x1536.jpg 820w, https:\/\/kita-padenstedt.de\/wp-content\/uploads\/2020\/08\/DSC03338-5-1094x2048.jpg 1094w, https:\/\/kita-padenstedt.de\/wp-content\/uploads\/2020\/08\/DSC03338-5-scaled.jpg 1367w\" sizes=\"(max-width: 160px) 100vw, 160px\" \/>Hallo,<\/p>\n<p>wir sind die Igelgruppe der Kita. Wir, das sind Claudia und Meike, sowie ein bunter Haufen von kleinen Igeln.<\/p>\n<p>In unserer Arbeit konzentrieren wir uns auf die F\u00f6rderung der allt\u00e4glichen F\u00e4higkeiten. Das Erlernen und Festigen von Grundlagen, die im Zusammenleben in einer Gemeinschaft notwendig sind. Sozialverhalten, Freundschaften pflegen und sich &#8222;stark&#8220; machen f\u00fcr die Zukunft, sind nur ein kleiner Teil des Ganzen. Bei uns k\u00f6nnen sich die Kinder ausprobieren, lernen und genie\u00dfen.<\/p>\n<p>Wir bauen Spiel, Action, Sport und viel Natur in unsere Alltagsprojekte ein, die sich an den Interessen der Kinder orientieren. Bei uns ist eigentlich f\u00fcr jeden etwas dabei.<\/p>\n<p>&nbsp;<\/p>\n<p>&nbsp;<\/p>\n","protected":false},"excerpt":{"rendered":"<p>&nbsp;Hallo, wir sind die Igelgruppe der Kita. Wir, das sind Claudia und Meike, sowie ein bunter Haufen von kleinen Igeln. In unserer Arbeit konzentrieren wir uns auf die F\u00f6rderung der allt\u00e4glichen F\u00e4higkeiten. Das Erlernen und Festigen von Grundlagen, die im Zusammenleben in einer Gemeinschaft notwendig sind. Sozialverhalten, Freundschaften pflegen und sich &#8222;stark&#8220; machen f\u00fcr die &#8230; <a title=\"Igelgruppe\" class=\"read-more\" href=\"https:\/\/kita-padenstedt.de\/index.php\/igelgruppe\/\">Weiterlesen &#8230;<\/a><\/p>\n","protected":false},"author":2,"featured_media":0,"parent":0,"menu_order":0,"comment_status":"closed","ping_status":"closed","template":"","meta":{"ngg_post_thumbnail":0,"footnotes":""},"class_list":["post-269","page","type-page","status-publish"],"yoast_head":"<!-- This site is optimized with the Yoast SEO plugin v25.6 - https:\/\/yoast.com\/wordpress\/plugins\/seo\/ -->\n<title>Igelgruppe - Kita Padenstedt<\/title>\n<meta name=\"robots\" content=\"index, follow, max-snippet:-1, max-image-preview:large, max-video-preview:-1\" \/>\n<link rel=\"canonical\" href=\"https:\/\/kita-padenstedt.de\/index.php\/igelgruppe\/\" \/>\n<meta property=\"og:locale\" content=\"de_DE\" \/>\n<meta property=\"og:type\" content=\"article\" \/>\n<meta property=\"og:title\" content=\"Igelgruppe - Kita Padenstedt\" \/>\n<meta property=\"og:description\" content=\"&nbsp;Hallo, wir sind die Igelgruppe der Kita. Wir, das sind Claudia und Meike, sowie ein bunter Haufen von kleinen Igeln. In unserer Arbeit konzentrieren wir uns auf die F\u00f6rderung der allt\u00e4glichen F\u00e4higkeiten. Das Erlernen und Festigen von Grundlagen, die im Zusammenleben in einer Gemeinschaft notwendig sind. Sozialverhalten, Freundschaften pflegen und sich &#8222;stark&#8220; machen f\u00fcr die ... Weiterlesen ...\" \/>\n<meta property=\"og:url\" content=\"https:\/\/kita-padenstedt.de\/index.php\/igelgruppe\/\" \/>\n<meta property=\"og:site_name\" content=\"Kita Padenstedt\" \/>\n<meta property=\"article:modified_time\" content=\"2025-03-17T10:14:06+00:00\" \/>\n<meta property=\"og:image\" content=\"https:\/\/kita-padenstedt.de\/wp-content\/uploads\/2020\/08\/DSC03338-5-scaled.jpg\" \/>\n\t<meta property=\"og:image:width\" content=\"1367\" \/>\n\t<meta property=\"og:image:height\" content=\"2560\" \/>\n\t<meta property=\"og:image:type\" content=\"image\/jpeg\" \/>\n<meta name=\"twitter:card\" content=\"summary_large_image\" \/>\n<meta name=\"twitter:label1\" content=\"Gesch\u00e4tzte Lesezeit\" \/>\n\t<meta name=\"twitter:data1\" content=\"1\u00a0Minute\" \/>\n<script type=\"application\/ld+json\" class=\"yoast-schema-graph\">{\"@context\":\"https:\/\/schema.org\",\"@graph\":[{\"@type\":\"WebPage\",\"@id\":\"https:\/\/kita-padenstedt.de\/index.php\/igelgruppe\/\",\"url\":\"https:\/\/kita-padenstedt.de\/index.php\/igelgruppe\/\",\"name\":\"Igelgruppe - Kita Padenstedt\",\"isPartOf\":{\"@id\":\"https:\/\/kita-padenstedt.de\/#website\"},\"primaryImageOfPage\":{\"@id\":\"https:\/\/kita-padenstedt.de\/index.php\/igelgruppe\/#primaryimage\"},\"image\":{\"@id\":\"https:\/\/kita-padenstedt.de\/index.php\/igelgruppe\/#primaryimage\"},\"thumbnailUrl\":\"https:\/\/kita-padenstedt.de\/wp-content\/uploads\/2020\/08\/DSC03338-5-160x300.jpg\",\"datePublished\":\"2020-08-20T14:37:55+00:00\",\"dateModified\":\"2025-03-17T10:14:06+00:00\",\"breadcrumb\":{\"@id\":\"https:\/\/kita-padenstedt.de\/index.php\/igelgruppe\/#breadcrumb\"},\"inLanguage\":\"de\",\"potentialAction\":[{\"@type\":\"ReadAction\",\"target\":[\"https:\/\/kita-padenstedt.de\/index.php\/igelgruppe\/\"]}]},{\"@type\":\"ImageObject\",\"inLanguage\":\"de\",\"@id\":\"https:\/\/kita-padenstedt.de\/index.php\/igelgruppe\/#primaryimage\",\"url\":\"https:\/\/kita-padenstedt.de\/wp-content\/uploads\/2020\/08\/DSC03338-5-160x300.jpg\",\"contentUrl\":\"https:\/\/kita-padenstedt.de\/wp-content\/uploads\/2020\/08\/DSC03338-5-160x300.jpg\"},{\"@type\":\"BreadcrumbList\",\"@id\":\"https:\/\/kita-padenstedt.de\/index.php\/igelgruppe\/#breadcrumb\",\"itemListElement\":[{\"@type\":\"ListItem\",\"position\":1,\"name\":\"Startseite\",\"item\":\"https:\/\/kita-padenstedt.de\/\"},{\"@type\":\"ListItem\",\"position\":2,\"name\":\"Igelgruppe\"}]},{\"@type\":\"WebSite\",\"@id\":\"https:\/\/kita-padenstedt.de\/#website\",\"url\":\"https:\/\/kita-padenstedt.de\/\",\"name\":\"Kita Padenstedt\",\"description\":\"Kita Padenstedt\",\"publisher\":{\"@id\":\"https:\/\/kita-padenstedt.de\/#organization\"},\"potentialAction\":[{\"@type\":\"SearchAction\",\"target\":{\"@type\":\"EntryPoint\",\"urlTemplate\":\"https:\/\/kita-padenstedt.de\/?s={search_term_string}\"},\"query-input\":{\"@type\":\"PropertyValueSpecification\",\"valueRequired\":true,\"valueName\":\"search_term_string\"}}],\"inLanguage\":\"de\"},{\"@type\":\"Organization\",\"@id\":\"https:\/\/kita-padenstedt.de\/#organization\",\"name\":\"Kita Padenstedt\",\"url\":\"https:\/\/kita-padenstedt.de\/\",\"logo\":{\"@type\":\"ImageObject\",\"inLanguage\":\"de\",\"@id\":\"https:\/\/kita-padenstedt.de\/#\/schema\/logo\/image\/\",\"url\":\"https:\/\/kita-padenstedt.de\/wp-content\/uploads\/2020\/09\/logo_padenstedt-1.png\",\"contentUrl\":\"https:\/\/kita-padenstedt.de\/wp-content\/uploads\/2020\/09\/logo_padenstedt-1.png\",\"width\":1067,\"height\":177,\"caption\":\"Kita Padenstedt\"},\"image\":{\"@id\":\"https:\/\/kita-padenstedt.de\/#\/schema\/logo\/image\/\"}}]}<\/script>\n<!-- \/ Yoast SEO plugin. -->","yoast_head_json":{"title":"Igelgruppe - Kita Padenstedt","robots":{"index":"index","follow":"follow","max-snippet":"max-snippet:-1","max-image-preview":"max-image-preview:large","max-video-preview":"max-video-preview:-1"},"canonical":"https:\/\/kita-padenstedt.de\/index.php\/igelgruppe\/","og_locale":"de_DE","og_type":"article","og_title":"Igelgruppe - Kita Padenstedt","og_description":"&nbsp;Hallo, wir sind die Igelgruppe der Kita. Wir, das sind Claudia und Meike, sowie ein bunter Haufen von kleinen Igeln. In unserer Arbeit konzentrieren wir uns auf die F\u00f6rderung der allt\u00e4glichen F\u00e4higkeiten. Das Erlernen und Festigen von Grundlagen, die im Zusammenleben in einer Gemeinschaft notwendig sind. Sozialverhalten, Freundschaften pflegen und sich &#8222;stark&#8220; machen f\u00fcr die ... Weiterlesen ...","og_url":"https:\/\/kita-padenstedt.de\/index.php\/igelgruppe\/","og_site_name":"Kita Padenstedt","article_modified_time":"2025-03-17T10:14:06+00:00","og_image":[{"width":1367,"height":2560,"url":"https:\/\/kita-padenstedt.de\/wp-content\/uploads\/2020\/08\/DSC03338-5-scaled.jpg","type":"image\/jpeg"}],"twitter_card":"summary_large_image","twitter_misc":{"Gesch\u00e4tzte Lesezeit":"1\u00a0Minute"},"schema":{"@context":"https:\/\/schema.org","@graph":[{"@type":"WebPage","@id":"https:\/\/kita-padenstedt.de\/index.php\/igelgruppe\/","url":"https:\/\/kita-padenstedt.de\/index.php\/igelgruppe\/","name":"Igelgruppe - Kita Padenstedt","isPartOf":{"@id":"https:\/\/kita-padenstedt.de\/#website"},"primaryImageOfPage":{"@id":"https:\/\/kita-padenstedt.de\/index.php\/igelgruppe\/#primaryimage"},"image":{"@id":"https:\/\/kita-padenstedt.de\/index.php\/igelgruppe\/#primaryimage"},"thumbnailUrl":"https:\/\/kita-padenstedt.de\/wp-content\/uploads\/2020\/08\/DSC03338-5-160x300.jpg","datePublished":"2020-08-20T14:37:55+00:00","dateModified":"2025-03-17T10:14:06+00:00","breadcrumb":{"@id":"https:\/\/kita-padenstedt.de\/index.php\/igelgruppe\/#breadcrumb"},"inLanguage":"de","potentialAction":[{"@type":"ReadAction","target":["https:\/\/kita-padenstedt.de\/index.php\/igelgruppe\/"]}]},{"@type":"ImageObject","inLanguage":"de","@id":"https:\/\/kita-padenstedt.de\/index.php\/igelgruppe\/#primaryimage","url":"https:\/\/kita-padenstedt.de\/wp-content\/uploads\/2020\/08\/DSC03338-5-160x300.jpg","contentUrl":"https:\/\/kita-padenstedt.de\/wp-content\/uploads\/2020\/08\/DSC03338-5-160x300.jpg"},{"@type":"BreadcrumbList","@id":"https:\/\/kita-padenstedt.de\/index.php\/igelgruppe\/#breadcrumb","itemListElement":[{"@type":"ListItem","position":1,"name":"Startseite","item":"https:\/\/kita-padenstedt.de\/"},{"@type":"ListItem","position":2,"name":"Igelgruppe"}]},{"@type":"WebSite","@id":"https:\/\/kita-padenstedt.de\/#website","url":"https:\/\/kita-padenstedt.de\/","name":"Kita Padenstedt","description":"Kita Padenstedt","publisher":{"@id":"https:\/\/kita-padenstedt.de\/#organization"},"potentialAction":[{"@type":"SearchAction","target":{"@type":"EntryPoint","urlTemplate":"https:\/\/kita-padenstedt.de\/?s={search_term_string}"},"query-input":{"@type":"PropertyValueSpecification","valueRequired":true,"valueName":"search_term_string"}}],"inLanguage":"de"},{"@type":"Organization","@id":"https:\/\/kita-padenstedt.de\/#organization","name":"Kita Padenstedt","url":"https:\/\/kita-padenstedt.de\/","logo":{"@type":"ImageObject","inLanguage":"de","@id":"https:\/\/kita-padenstedt.de\/#\/schema\/logo\/image\/","url":"https:\/\/kita-padenstedt.de\/wp-content\/uploads\/2020\/09\/logo_padenstedt-1.png","contentUrl":"https:\/\/kita-padenstedt.de\/wp-content\/uploads\/2020\/09\/logo_padenstedt-1.png","width":1067,"height":177,"caption":"Kita Padenstedt"},"image":{"@id":"https:\/\/kita-padenstedt.de\/#\/schema\/logo\/image\/"}}]}},"_links":{"self":[{"href":"https:\/\/kita-padenstedt.de\/index.php\/wp-json\/wp\/v2\/pages\/269"}],"collection":[{"href":"https:\/\/kita-padenstedt.de\/index.php\/wp-json\/wp\/v2\/pages"}],"about":[{"href":"https:\/\/kita-padenstedt.de\/index.php\/wp-json\/wp\/v2\/types\/page"}],"author":[{"embeddable":true,"href":"https:\/\/kita-padenstedt.de\/index.php\/wp-json\/wp\/v2\/users\/2"}],"replies":[{"embeddable":true,"href":"https:\/\/kita-padenstedt.de\/index.php\/wp-json\/wp\/v2\/comments?post=269"}],"version-history":[{"count":18,"href":"https:\/\/kita-padenstedt.de\/index.php\/wp-json\/wp\/v2\/pages\/269\/revisions"}],"predecessor-version":[{"id":1196,"href":"https:\/\/kita-padenstedt.de\/index.php\/wp-json\/wp\/v2\/pages\/269\/revisions\/1196"}],"wp:attachment":[{"href":"https:\/\/kita-padenstedt.de\/index.php\/wp-json\/wp\/v2\/media?parent=269"}],"curies":[{"name":"wp","href":"https:\/\/api.w.org\/{rel}","templated":true}]}}

<p>&nbsp;<img loading="lazy" decoding="async" class="size-medium wp-image-397 alignleft" src="https://kita-padenstedt.de/wp-content/uploads/2020/08/DSC03338-5-160x300.jpg" alt="" width="160" height="300" srcset="https://kita-padenstedt.de/wp-content/uploads/2020/08/DSC03338-5-160x300.jpg 160w, https://kita-padenstedt.de/wp-content/uploads/2020/08/DSC03338-5-547x1024.jpg 547w, https://kita-padenstedt.de/wp-content/uploads/2020/08/DSC03338-5-768x1438.jpg 768w, https://kita-padenstedt.de/wp-content/uploads/2020/08/DSC03338-5-820x1536.jpg 820w, https://kita-padenstedt.de/wp-content/uploads/2020/08/DSC03338-5-1094x2048.jpg 1094w, https://kita-padenstedt.de/wp-content/uploads/2020/08/DSC03338-5-scaled.jpg 1367w" sizes="(max-width: 160px) 100vw, 160px" />Hallo,</p>
<p>wir sind die Igelgruppe der Kita. Wir, das sind Claudia und Meike, sowie ein bunter Haufen von kleinen Igeln.</p>
<p>In unserer Arbeit konzentrieren wir uns auf die Förderung der alltäglichen Fähigkeiten. Das Erlernen und Festigen von Grundlagen, die im Zusammenleben in einer Gemeinschaft notwendig sind. Sozialverhalten, Freundschaften pflegen und sich &#8222;stark&#8220; machen für die Zukunft, sind nur ein kleiner Teil des Ganzen. Bei uns können sich die Kinder ausprobieren, lernen und genießen.</p>
<p>Wir bauen Spiel, Action, Sport und viel Natur in unsere Alltagsprojekte ein, die sich an den Interessen der Kinder orientieren. Bei uns ist eigentlich für jeden etwas dabei.</p>
<p>&nbsp;</p>
<p>&nbsp;</p>

<p>&nbsp;Hallo, wir sind die Igelgruppe der Kita. Wir, das sind Claudia und Meike, sowie ein bunter Haufen von kleinen Igeln. In unserer Arbeit konzentrieren wir uns auf die Förderung der alltäglichen Fähigkeiten. Das Erlernen und Festigen von Grundlagen, die im Zusammenleben in einer Gemeinschaft notwendig sind. Sozialverhalten, Freundschaften pflegen und sich &#8222;stark&#8220; machen für die &#8230; <a title="Igelgruppe" class="read-more" href="https://kita-padenstedt.de/index.php/igelgruppe/">Weiterlesen &#8230;</a></p>

<!-- This site is optimized with the Yoast SEO plugin v25.6 - https://yoast.com/wordpress/plugins/seo/ -->
<title>Igelgruppe - Kita Padenstedt</title>
<meta name="robots" content="index, follow, max-snippet:-1, max-image-preview:large, max-video-preview:-1" />
<link rel="canonical" href="https://kita-padenstedt.de/index.php/igelgruppe/" />
<meta property="og:locale" content="de_DE" />
<meta property="og:type" content="article" />
<meta property="og:title" content="Igelgruppe - Kita Padenstedt" />
<meta property="og:description" content="&nbsp;Hallo, wir sind die Igelgruppe der Kita. Wir, das sind Claudia und Meike, sowie ein bunter Haufen von kleinen Igeln. In unserer Arbeit konzentrieren wir uns auf die Förderung der alltäglichen Fähigkeiten. Das Erlernen und Festigen von Grundlagen, die im Zusammenleben in einer Gemeinschaft notwendig sind. Sozialverhalten, Freundschaften pflegen und sich &#8222;stark&#8220; machen für die ... Weiterlesen ..." />
<meta property="og:url" content="https://kita-padenstedt.de/index.php/igelgruppe/" />
<meta property="og:site_name" content="Kita Padenstedt" />
<meta property="article:modified_time" content="2025-03-17T10:14:06+00:00" />
<meta property="og:image" content="https://kita-padenstedt.de/wp-content/uploads/2020/08/DSC03338-5-scaled.jpg" />
	<meta property="og:image:width" content="1367" />
	<meta property="og:image:height" content="2560" />
	<meta property="og:image:type" content="image/jpeg" />
<meta name="twitter:card" content="summary_large_image" />
<meta name="twitter:label1" content="Geschätzte Lesezeit" />
	<meta name="twitter:data1" content="1 Minute" />
<script type="application/ld+json" class="yoast-schema-graph">{"@context":"https://schema.org","@graph":[{"@type":"WebPage","@id":"https://kita-padenstedt.de/index.php/igelgruppe/","url":"https://kita-padenstedt.de/index.php/igelgruppe/","name":"Igelgruppe - Kita Padenstedt","isPartOf":{"@id":"https://kita-padenstedt.de/#website"},"primaryImageOfPage":{"@id":"https://kita-padenstedt.de/index.php/igelgruppe/#primaryimage"},"image":{"@id":"https://kita-padenstedt.de/index.php/igelgruppe/#primaryimage"},"thumbnailUrl":"https://kita-padenstedt.de/wp-content/uploads/2020/08/DSC03338-5-160x300.jpg","datePublished":"2020-08-20T14:37:55+00:00","dateModified":"2025-03-17T10:14:06+00:00","breadcrumb":{"@id":"https://kita-padenstedt.de/index.php/igelgruppe/#breadcrumb"},"inLanguage":"de","potentialAction":[{"@type":"ReadAction","target":["https://kita-padenstedt.de/index.php/igelgruppe/"]}]},{"@type":"ImageObject","inLanguage":"de","@id":"https://kita-padenstedt.de/index.php/igelgruppe/#primaryimage","url":"https://kita-padenstedt.de/wp-content/uploads/2020/08/DSC03338-5-160x300.jpg","contentUrl":"https://kita-padenstedt.de/wp-content/uploads/2020/08/DSC03338-5-160x300.jpg"},{"@type":"BreadcrumbList","@id":"https://kita-padenstedt.de/index.php/igelgruppe/#breadcrumb","itemListElement":[{"@type":"ListItem","position":1,"name":"Startseite","item":"https://kita-padenstedt.de/"},{"@type":"ListItem","position":2,"name":"Igelgruppe"}]},{"@type":"WebSite","@id":"https://kita-padenstedt.de/#website","url":"https://kita-padenstedt.de/","name":"Kita Padenstedt","description":"Kita Padenstedt","publisher":{"@id":"https://kita-padenstedt.de/#organization"},"potentialAction":[{"@type":"SearchAction","target":{"@type":"EntryPoint","urlTemplate":"https://kita-padenstedt.de/?s={search_term_string}"},"query-input":{"@type":"PropertyValueSpecification","valueRequired":true,"valueName":"search_term_string"}}],"inLanguage":"de"},{"@type":"Organization","@id":"https://kita-padenstedt.de/#organization","name":"Kita Padenstedt","url":"https://kita-padenstedt.de/","logo":{"@type":"ImageObject","inLanguage":"de","@id":"https://kita-padenstedt.de/#/schema/logo/image/","url":"https://kita-padenstedt.de/wp-content/uploads/2020/09/logo_padenstedt-1.png","contentUrl":"https://kita-padenstedt.de/wp-content/uploads/2020/09/logo_padenstedt-1.png","width":1067,"height":177,"caption":"Kita Padenstedt"},"image":{"@id":"https://kita-padenstedt.de/#/schema/logo/image/"}}]}</script>
<!-- / Yoast SEO plugin. -->

&nbsp;Hallo, wir sind die Igelgruppe der Kita. Wir, das sind Claudia und Meike, sowie ein bunter Haufen von kleinen Igeln. In unserer Arbeit konzentrieren wir uns auf die Förderung der alltäglichen Fähigkeiten. Das Erlernen und Festigen von Grundlagen, die im Zusammenleben in einer Gemeinschaft notwendig sind. Sozialverhalten, Freundschaften pflegen und sich &#8222;stark&#8220; machen für die ... Weiterlesen ...
