{"id":271,"date":"2020-08-20T14:38:10","date_gmt":"2020-08-20T14:38:10","guid":{"rendered":"https:\/\/kita-padenstedt.de\/?page_id=271"},"modified":"2026-03-12T08:47:49","modified_gmt":"2026-03-12T07:47:49","slug":"hasengruppe","status":"publish","type":"page","link":"https:\/\/kita-padenstedt.de\/index.php\/hasengruppe\/","title":{"rendered":"Hasengruppe"},"content":{"rendered":"<blockquote><p>&#8222;Wenn Sie ihr Kind heute sauber aus der Kita abholen, dann hat es nicht gespielt und nichts gelernt.&#8220;<\/p>\n<p>-Maria Montessori-<\/p><\/blockquote>\n<p><img loading=\"lazy\" decoding=\"async\" class=\"size-medium wp-image-396 aligncenter\" src=\"https:\/\/kita-padenstedt.de\/wp-content\/uploads\/2020\/08\/DSC03337fg-300x166.jpg\" alt=\"\" width=\"300\" height=\"166\" srcset=\"https:\/\/kita-padenstedt.de\/wp-content\/uploads\/2020\/08\/DSC03337fg-300x166.jpg 300w, https:\/\/kita-padenstedt.de\/wp-content\/uploads\/2020\/08\/DSC03337fg-1024x566.jpg 1024w, https:\/\/kita-padenstedt.de\/wp-content\/uploads\/2020\/08\/DSC03337fg-768x425.jpg 768w, https:\/\/kita-padenstedt.de\/wp-content\/uploads\/2020\/08\/DSC03337fg-1536x849.jpg 1536w, https:\/\/kita-padenstedt.de\/wp-content\/uploads\/2020\/08\/DSC03337fg-2048x1132.jpg 2048w\" sizes=\"(max-width: 300px) 100vw, 300px\" \/><\/p>\n<p>Hallo,<\/p>\n<p>wir sind Vera und Beau.<\/p>\n<p>Wir sind zusammen die Hasengruppe und immer f\u00fcr Spa\u00df zu haben.<\/p>\n<p>Warum dieser Beruf?<\/p>\n<ul>\n<li>Jeder Tag ist ein neues Abenteuer bei dem die Kinder, und auch wir, viel lernen k\u00f6nnen<\/li>\n<li>Wir k\u00f6nnen die Kinder in ihrer Entwicklung begleiten und ihnen beim Wachsen zusehen<\/li>\n<\/ul>\n<p>Was ist uns wichtig in der Gruppes?<\/p>\n<ul>\n<li>Die Selbst\u00e4ndigkeit und das Sozialverhalten der Kinder zu f\u00f6rdern und zu fordern<\/li>\n<li>Sie dabei zu unterst\u00fctzen, ihre Pers\u00f6nlichkeiten zu entfalten und das Selbstbewusstsein zu st\u00e4rken<\/li>\n<li>Durch Ausfl\u00fcge und Projekte den Kindern Raum geben, sich&nbsp; zu entfalten,zu forschen, sich wohlzuf\u00fchlen und auszuprobieren<\/li>\n<\/ul>\n<p>&nbsp;<\/p>\n","protected":false},"excerpt":{"rendered":"<p>&#8222;Wenn Sie ihr Kind heute sauber aus der Kita abholen, dann hat es nicht gespielt und nichts gelernt.&#8220; -Maria Montessori- Hallo, wir sind Vera und Beau. Wir sind zusammen die Hasengruppe und immer f\u00fcr Spa\u00df zu haben. Warum dieser Beruf? Jeder Tag ist ein neues Abenteuer bei dem die Kinder, und auch wir, viel lernen &#8230; <a title=\"Hasengruppe\" class=\"read-more\" href=\"https:\/\/kita-padenstedt.de\/index.php\/hasengruppe\/\">Weiterlesen &#8230;<\/a><\/p>\n","protected":false},"author":2,"featured_media":0,"parent":0,"menu_order":0,"comment_status":"closed","ping_status":"closed","template":"","meta":{"ngg_post_thumbnail":0,"footnotes":""},"class_list":["post-271","page","type-page","status-publish"],"yoast_head":"<!-- This site is optimized with the Yoast SEO plugin v25.6 - https:\/\/yoast.com\/wordpress\/plugins\/seo\/ -->\n<title>Hasengruppe - Kita Padenstedt<\/title>\n<meta name=\"robots\" content=\"index, follow, max-snippet:-1, max-image-preview:large, max-video-preview:-1\" \/>\n<link rel=\"canonical\" href=\"https:\/\/kita-padenstedt.de\/index.php\/hasengruppe\/\" \/>\n<meta property=\"og:locale\" content=\"de_DE\" \/>\n<meta property=\"og:type\" content=\"article\" \/>\n<meta property=\"og:title\" content=\"Hasengruppe - Kita Padenstedt\" \/>\n<meta property=\"og:description\" content=\"&#8222;Wenn Sie ihr Kind heute sauber aus der Kita abholen, dann hat es nicht gespielt und nichts gelernt.&#8220; -Maria Montessori- Hallo, wir sind Vera und Beau. Wir sind zusammen die Hasengruppe und immer f\u00fcr Spa\u00df zu haben. Warum dieser Beruf? Jeder Tag ist ein neues Abenteuer bei dem die Kinder, und auch wir, viel lernen ... Weiterlesen ...\" \/>\n<meta property=\"og:url\" content=\"https:\/\/kita-padenstedt.de\/index.php\/hasengruppe\/\" \/>\n<meta property=\"og:site_name\" content=\"Kita Padenstedt\" \/>\n<meta property=\"article:modified_time\" content=\"2026-03-12T07:47:49+00:00\" \/>\n<meta property=\"og:image\" content=\"https:\/\/kita-padenstedt.de\/wp-content\/uploads\/2020\/08\/DSC03337fg-scaled.jpg\" \/>\n\t<meta property=\"og:image:width\" content=\"2560\" \/>\n\t<meta property=\"og:image:height\" content=\"1415\" \/>\n\t<meta property=\"og:image:type\" content=\"image\/jpeg\" \/>\n<meta name=\"twitter:card\" content=\"summary_large_image\" \/>\n<meta name=\"twitter:label1\" content=\"Gesch\u00e4tzte Lesezeit\" \/>\n\t<meta name=\"twitter:data1\" content=\"1\u00a0Minute\" \/>\n<script type=\"application\/ld+json\" class=\"yoast-schema-graph\">{\"@context\":\"https:\/\/schema.org\",\"@graph\":[{\"@type\":\"WebPage\",\"@id\":\"https:\/\/kita-padenstedt.de\/index.php\/hasengruppe\/\",\"url\":\"https:\/\/kita-padenstedt.de\/index.php\/hasengruppe\/\",\"name\":\"Hasengruppe - Kita Padenstedt\",\"isPartOf\":{\"@id\":\"https:\/\/kita-padenstedt.de\/#website\"},\"primaryImageOfPage\":{\"@id\":\"https:\/\/kita-padenstedt.de\/index.php\/hasengruppe\/#primaryimage\"},\"image\":{\"@id\":\"https:\/\/kita-padenstedt.de\/index.php\/hasengruppe\/#primaryimage\"},\"thumbnailUrl\":\"https:\/\/kita-padenstedt.de\/wp-content\/uploads\/2020\/08\/DSC03337fg-300x166.jpg\",\"datePublished\":\"2020-08-20T14:38:10+00:00\",\"dateModified\":\"2026-03-12T07:47:49+00:00\",\"breadcrumb\":{\"@id\":\"https:\/\/kita-padenstedt.de\/index.php\/hasengruppe\/#breadcrumb\"},\"inLanguage\":\"de\",\"potentialAction\":[{\"@type\":\"ReadAction\",\"target\":[\"https:\/\/kita-padenstedt.de\/index.php\/hasengruppe\/\"]}]},{\"@type\":\"ImageObject\",\"inLanguage\":\"de\",\"@id\":\"https:\/\/kita-padenstedt.de\/index.php\/hasengruppe\/#primaryimage\",\"url\":\"https:\/\/kita-padenstedt.de\/wp-content\/uploads\/2020\/08\/DSC03337fg-scaled.jpg\",\"contentUrl\":\"https:\/\/kita-padenstedt.de\/wp-content\/uploads\/2020\/08\/DSC03337fg-scaled.jpg\",\"width\":2560,\"height\":1415,\"caption\":\"SONY DSC\"},{\"@type\":\"BreadcrumbList\",\"@id\":\"https:\/\/kita-padenstedt.de\/index.php\/hasengruppe\/#breadcrumb\",\"itemListElement\":[{\"@type\":\"ListItem\",\"position\":1,\"name\":\"Startseite\",\"item\":\"https:\/\/kita-padenstedt.de\/\"},{\"@type\":\"ListItem\",\"position\":2,\"name\":\"Hasengruppe\"}]},{\"@type\":\"WebSite\",\"@id\":\"https:\/\/kita-padenstedt.de\/#website\",\"url\":\"https:\/\/kita-padenstedt.de\/\",\"name\":\"Kita Padenstedt\",\"description\":\"Kita Padenstedt\",\"publisher\":{\"@id\":\"https:\/\/kita-padenstedt.de\/#organization\"},\"potentialAction\":[{\"@type\":\"SearchAction\",\"target\":{\"@type\":\"EntryPoint\",\"urlTemplate\":\"https:\/\/kita-padenstedt.de\/?s={search_term_string}\"},\"query-input\":{\"@type\":\"PropertyValueSpecification\",\"valueRequired\":true,\"valueName\":\"search_term_string\"}}],\"inLanguage\":\"de\"},{\"@type\":\"Organization\",\"@id\":\"https:\/\/kita-padenstedt.de\/#organization\",\"name\":\"Kita Padenstedt\",\"url\":\"https:\/\/kita-padenstedt.de\/\",\"logo\":{\"@type\":\"ImageObject\",\"inLanguage\":\"de\",\"@id\":\"https:\/\/kita-padenstedt.de\/#\/schema\/logo\/image\/\",\"url\":\"https:\/\/kita-padenstedt.de\/wp-content\/uploads\/2020\/09\/logo_padenstedt-1.png\",\"contentUrl\":\"https:\/\/kita-padenstedt.de\/wp-content\/uploads\/2020\/09\/logo_padenstedt-1.png\",\"width\":1067,\"height\":177,\"caption\":\"Kita Padenstedt\"},\"image\":{\"@id\":\"https:\/\/kita-padenstedt.de\/#\/schema\/logo\/image\/\"}}]}<\/script>\n<!-- \/ Yoast SEO plugin. -->","yoast_head_json":{"title":"Hasengruppe - Kita Padenstedt","robots":{"index":"index","follow":"follow","max-snippet":"max-snippet:-1","max-image-preview":"max-image-preview:large","max-video-preview":"max-video-preview:-1"},"canonical":"https:\/\/kita-padenstedt.de\/index.php\/hasengruppe\/","og_locale":"de_DE","og_type":"article","og_title":"Hasengruppe - Kita Padenstedt","og_description":"&#8222;Wenn Sie ihr Kind heute sauber aus der Kita abholen, dann hat es nicht gespielt und nichts gelernt.&#8220; -Maria Montessori- Hallo, wir sind Vera und Beau. Wir sind zusammen die Hasengruppe und immer f\u00fcr Spa\u00df zu haben. Warum dieser Beruf? Jeder Tag ist ein neues Abenteuer bei dem die Kinder, und auch wir, viel lernen ... Weiterlesen ...","og_url":"https:\/\/kita-padenstedt.de\/index.php\/hasengruppe\/","og_site_name":"Kita Padenstedt","article_modified_time":"2026-03-12T07:47:49+00:00","og_image":[{"width":2560,"height":1415,"url":"https:\/\/kita-padenstedt.de\/wp-content\/uploads\/2020\/08\/DSC03337fg-scaled.jpg","type":"image\/jpeg"}],"twitter_card":"summary_large_image","twitter_misc":{"Gesch\u00e4tzte Lesezeit":"1\u00a0Minute"},"schema":{"@context":"https:\/\/schema.org","@graph":[{"@type":"WebPage","@id":"https:\/\/kita-padenstedt.de\/index.php\/hasengruppe\/","url":"https:\/\/kita-padenstedt.de\/index.php\/hasengruppe\/","name":"Hasengruppe - Kita Padenstedt","isPartOf":{"@id":"https:\/\/kita-padenstedt.de\/#website"},"primaryImageOfPage":{"@id":"https:\/\/kita-padenstedt.de\/index.php\/hasengruppe\/#primaryimage"},"image":{"@id":"https:\/\/kita-padenstedt.de\/index.php\/hasengruppe\/#primaryimage"},"thumbnailUrl":"https:\/\/kita-padenstedt.de\/wp-content\/uploads\/2020\/08\/DSC03337fg-300x166.jpg","datePublished":"2020-08-20T14:38:10+00:00","dateModified":"2026-03-12T07:47:49+00:00","breadcrumb":{"@id":"https:\/\/kita-padenstedt.de\/index.php\/hasengruppe\/#breadcrumb"},"inLanguage":"de","potentialAction":[{"@type":"ReadAction","target":["https:\/\/kita-padenstedt.de\/index.php\/hasengruppe\/"]}]},{"@type":"ImageObject","inLanguage":"de","@id":"https:\/\/kita-padenstedt.de\/index.php\/hasengruppe\/#primaryimage","url":"https:\/\/kita-padenstedt.de\/wp-content\/uploads\/2020\/08\/DSC03337fg-scaled.jpg","contentUrl":"https:\/\/kita-padenstedt.de\/wp-content\/uploads\/2020\/08\/DSC03337fg-scaled.jpg","width":2560,"height":1415,"caption":"SONY DSC"},{"@type":"BreadcrumbList","@id":"https:\/\/kita-padenstedt.de\/index.php\/hasengruppe\/#breadcrumb","itemListElement":[{"@type":"ListItem","position":1,"name":"Startseite","item":"https:\/\/kita-padenstedt.de\/"},{"@type":"ListItem","position":2,"name":"Hasengruppe"}]},{"@type":"WebSite","@id":"https:\/\/kita-padenstedt.de\/#website","url":"https:\/\/kita-padenstedt.de\/","name":"Kita Padenstedt","description":"Kita Padenstedt","publisher":{"@id":"https:\/\/kita-padenstedt.de\/#organization"},"potentialAction":[{"@type":"SearchAction","target":{"@type":"EntryPoint","urlTemplate":"https:\/\/kita-padenstedt.de\/?s={search_term_string}"},"query-input":{"@type":"PropertyValueSpecification","valueRequired":true,"valueName":"search_term_string"}}],"inLanguage":"de"},{"@type":"Organization","@id":"https:\/\/kita-padenstedt.de\/#organization","name":"Kita Padenstedt","url":"https:\/\/kita-padenstedt.de\/","logo":{"@type":"ImageObject","inLanguage":"de","@id":"https:\/\/kita-padenstedt.de\/#\/schema\/logo\/image\/","url":"https:\/\/kita-padenstedt.de\/wp-content\/uploads\/2020\/09\/logo_padenstedt-1.png","contentUrl":"https:\/\/kita-padenstedt.de\/wp-content\/uploads\/2020\/09\/logo_padenstedt-1.png","width":1067,"height":177,"caption":"Kita Padenstedt"},"image":{"@id":"https:\/\/kita-padenstedt.de\/#\/schema\/logo\/image\/"}}]}},"_links":{"self":[{"href":"https:\/\/kita-padenstedt.de\/index.php\/wp-json\/wp\/v2\/pages\/271"}],"collection":[{"href":"https:\/\/kita-padenstedt.de\/index.php\/wp-json\/wp\/v2\/pages"}],"about":[{"href":"https:\/\/kita-padenstedt.de\/index.php\/wp-json\/wp\/v2\/types\/page"}],"author":[{"embeddable":true,"href":"https:\/\/kita-padenstedt.de\/index.php\/wp-json\/wp\/v2\/users\/2"}],"replies":[{"embeddable":true,"href":"https:\/\/kita-padenstedt.de\/index.php\/wp-json\/wp\/v2\/comments?post=271"}],"version-history":[{"count":15,"href":"https:\/\/kita-padenstedt.de\/index.php\/wp-json\/wp\/v2\/pages\/271\/revisions"}],"predecessor-version":[{"id":1222,"href":"https:\/\/kita-padenstedt.de\/index.php\/wp-json\/wp\/v2\/pages\/271\/revisions\/1222"}],"wp:attachment":[{"href":"https:\/\/kita-padenstedt.de\/index.php\/wp-json\/wp\/v2\/media?parent=271"}],"curies":[{"name":"wp","href":"https:\/\/api.w.org\/{rel}","templated":true}]}}