{"id":282,"date":"2020-08-20T14:40:22","date_gmt":"2020-08-20T14:40:22","guid":{"rendered":"https:\/\/kita-padenstedt.de\/?page_id=282"},"modified":"2024-10-11T12:17:28","modified_gmt":"2024-10-11T10:17:28","slug":"kaefergruppe","status":"publish","type":"page","link":"https:\/\/kita-padenstedt.de\/index.php\/kaefergruppe\/","title":{"rendered":"K\u00e4fergruppe"},"content":{"rendered":"<p><img loading=\"lazy\" decoding=\"async\" class=\"size-medium wp-image-398 alignleft\" src=\"https:\/\/kita-padenstedt.de\/wp-content\/uploads\/2020\/08\/DSC03343-1-156x300.jpg\" alt=\"\" width=\"156\" height=\"300\" srcset=\"https:\/\/kita-padenstedt.de\/wp-content\/uploads\/2020\/08\/DSC03343-1-156x300.jpg 156w, https:\/\/kita-padenstedt.de\/wp-content\/uploads\/2020\/08\/DSC03343-1-532x1024.jpg 532w, https:\/\/kita-padenstedt.de\/wp-content\/uploads\/2020\/08\/DSC03343-1-768x1479.jpg 768w, https:\/\/kita-padenstedt.de\/wp-content\/uploads\/2020\/08\/DSC03343-1-798x1536.jpg 798w, https:\/\/kita-padenstedt.de\/wp-content\/uploads\/2020\/08\/DSC03343-1-1064x2048.jpg 1064w, https:\/\/kita-padenstedt.de\/wp-content\/uploads\/2020\/08\/DSC03343-1-scaled.jpg 1330w\" sizes=\"(max-width: 156px) 100vw, 156px\" \/><\/p>\n<p>Hallo,<\/p>\n<p>wir sind Martina und Martina und arbeiten gemeinsam in der K\u00e4fergruppe.<\/p>\n<p>Die K\u00e4fergruppe ist eine Krippengruppe mit 10 Kindern von 1-3 Jahren. Wir sind am liebsten drau\u00dfen.<\/p>\n<p>Au\u00dferdem experimentieren wir gerne mit Matsch, Tusche und Knete.<\/p>\n<p>Es ist uns wichtig, dass jedes Kind so sein kann, wie es ist: Mit all seinen St\u00e4rken und Schw\u00e4chen. Jedes Kind kann sich bei uns in seinem eigenen Tempo entwickeln. Daf\u00fcr planen wir Angebote oder strukturieren unseren Alltag so, dass jedes Kind seinen eigenen Bed\u00fcrfnissen nachgehen kann.<\/p>\n<p>&nbsp;<\/p>\n","protected":false},"excerpt":{"rendered":"<p>Hallo, wir sind Martina und Martina und arbeiten gemeinsam in der K\u00e4fergruppe. Die K\u00e4fergruppe ist eine Krippengruppe mit 10 Kindern von 1-3 Jahren. Wir sind am liebsten drau\u00dfen. Au\u00dferdem experimentieren wir gerne mit Matsch, Tusche und Knete. Es ist uns wichtig, dass jedes Kind so sein kann, wie es ist: Mit all seinen St\u00e4rken und &#8230; <a title=\"K\u00e4fergruppe\" class=\"read-more\" href=\"https:\/\/kita-padenstedt.de\/index.php\/kaefergruppe\/\">Weiterlesen &#8230;<\/a><\/p>\n","protected":false},"author":2,"featured_media":0,"parent":0,"menu_order":0,"comment_status":"closed","ping_status":"closed","template":"","meta":{"ngg_post_thumbnail":0,"footnotes":""},"class_list":["post-282","page","type-page","status-publish"],"yoast_head":"<!-- This site is optimized with the Yoast SEO plugin v25.6 - https:\/\/yoast.com\/wordpress\/plugins\/seo\/ -->\n<title>K\u00e4fergruppe - Kita Padenstedt<\/title>\n<meta name=\"robots\" content=\"index, follow, max-snippet:-1, max-image-preview:large, max-video-preview:-1\" \/>\n<link rel=\"canonical\" href=\"https:\/\/kita-padenstedt.de\/index.php\/kaefergruppe\/\" \/>\n<meta property=\"og:locale\" content=\"de_DE\" \/>\n<meta property=\"og:type\" content=\"article\" \/>\n<meta property=\"og:title\" content=\"K\u00e4fergruppe - Kita Padenstedt\" \/>\n<meta property=\"og:description\" content=\"Hallo, wir sind Martina und Martina und arbeiten gemeinsam in der K\u00e4fergruppe. Die K\u00e4fergruppe ist eine Krippengruppe mit 10 Kindern von 1-3 Jahren. Wir sind am liebsten drau\u00dfen. Au\u00dferdem experimentieren wir gerne mit Matsch, Tusche und Knete. Es ist uns wichtig, dass jedes Kind so sein kann, wie es ist: Mit all seinen St\u00e4rken und ... Weiterlesen ...\" \/>\n<meta property=\"og:url\" content=\"https:\/\/kita-padenstedt.de\/index.php\/kaefergruppe\/\" \/>\n<meta property=\"og:site_name\" content=\"Kita Padenstedt\" \/>\n<meta property=\"article:modified_time\" content=\"2024-10-11T10:17:28+00:00\" \/>\n<meta property=\"og:image\" content=\"https:\/\/kita-padenstedt.de\/wp-content\/uploads\/2020\/08\/DSC03343-1-156x300.jpg\" \/>\n<meta name=\"twitter:card\" content=\"summary_large_image\" \/>\n<meta name=\"twitter:label1\" content=\"Gesch\u00e4tzte Lesezeit\" \/>\n\t<meta name=\"twitter:data1\" content=\"1\u00a0Minute\" \/>\n<script type=\"application\/ld+json\" class=\"yoast-schema-graph\">{\"@context\":\"https:\/\/schema.org\",\"@graph\":[{\"@type\":\"WebPage\",\"@id\":\"https:\/\/kita-padenstedt.de\/index.php\/kaefergruppe\/\",\"url\":\"https:\/\/kita-padenstedt.de\/index.php\/kaefergruppe\/\",\"name\":\"K\u00e4fergruppe - Kita Padenstedt\",\"isPartOf\":{\"@id\":\"https:\/\/kita-padenstedt.de\/#website\"},\"primaryImageOfPage\":{\"@id\":\"https:\/\/kita-padenstedt.de\/index.php\/kaefergruppe\/#primaryimage\"},\"image\":{\"@id\":\"https:\/\/kita-padenstedt.de\/index.php\/kaefergruppe\/#primaryimage\"},\"thumbnailUrl\":\"https:\/\/kita-padenstedt.de\/wp-content\/uploads\/2020\/08\/DSC03343-1-156x300.jpg\",\"datePublished\":\"2020-08-20T14:40:22+00:00\",\"dateModified\":\"2024-10-11T10:17:28+00:00\",\"breadcrumb\":{\"@id\":\"https:\/\/kita-padenstedt.de\/index.php\/kaefergruppe\/#breadcrumb\"},\"inLanguage\":\"de\",\"potentialAction\":[{\"@type\":\"ReadAction\",\"target\":[\"https:\/\/kita-padenstedt.de\/index.php\/kaefergruppe\/\"]}]},{\"@type\":\"ImageObject\",\"inLanguage\":\"de\",\"@id\":\"https:\/\/kita-padenstedt.de\/index.php\/kaefergruppe\/#primaryimage\",\"url\":\"https:\/\/kita-padenstedt.de\/wp-content\/uploads\/2020\/08\/DSC03343-1-156x300.jpg\",\"contentUrl\":\"https:\/\/kita-padenstedt.de\/wp-content\/uploads\/2020\/08\/DSC03343-1-156x300.jpg\"},{\"@type\":\"BreadcrumbList\",\"@id\":\"https:\/\/kita-padenstedt.de\/index.php\/kaefergruppe\/#breadcrumb\",\"itemListElement\":[{\"@type\":\"ListItem\",\"position\":1,\"name\":\"Startseite\",\"item\":\"https:\/\/kita-padenstedt.de\/\"},{\"@type\":\"ListItem\",\"position\":2,\"name\":\"K\u00e4fergruppe\"}]},{\"@type\":\"WebSite\",\"@id\":\"https:\/\/kita-padenstedt.de\/#website\",\"url\":\"https:\/\/kita-padenstedt.de\/\",\"name\":\"Kita Padenstedt\",\"description\":\"Kita Padenstedt\",\"publisher\":{\"@id\":\"https:\/\/kita-padenstedt.de\/#organization\"},\"potentialAction\":[{\"@type\":\"SearchAction\",\"target\":{\"@type\":\"EntryPoint\",\"urlTemplate\":\"https:\/\/kita-padenstedt.de\/?s={search_term_string}\"},\"query-input\":{\"@type\":\"PropertyValueSpecification\",\"valueRequired\":true,\"valueName\":\"search_term_string\"}}],\"inLanguage\":\"de\"},{\"@type\":\"Organization\",\"@id\":\"https:\/\/kita-padenstedt.de\/#organization\",\"name\":\"Kita Padenstedt\",\"url\":\"https:\/\/kita-padenstedt.de\/\",\"logo\":{\"@type\":\"ImageObject\",\"inLanguage\":\"de\",\"@id\":\"https:\/\/kita-padenstedt.de\/#\/schema\/logo\/image\/\",\"url\":\"https:\/\/kita-padenstedt.de\/wp-content\/uploads\/2020\/09\/logo_padenstedt-1.png\",\"contentUrl\":\"https:\/\/kita-padenstedt.de\/wp-content\/uploads\/2020\/09\/logo_padenstedt-1.png\",\"width\":1067,\"height\":177,\"caption\":\"Kita Padenstedt\"},\"image\":{\"@id\":\"https:\/\/kita-padenstedt.de\/#\/schema\/logo\/image\/\"}}]}<\/script>\n<!-- \/ Yoast SEO plugin. -->","yoast_head_json":{"title":"K\u00e4fergruppe - Kita Padenstedt","robots":{"index":"index","follow":"follow","max-snippet":"max-snippet:-1","max-image-preview":"max-image-preview:large","max-video-preview":"max-video-preview:-1"},"canonical":"https:\/\/kita-padenstedt.de\/index.php\/kaefergruppe\/","og_locale":"de_DE","og_type":"article","og_title":"K\u00e4fergruppe - Kita Padenstedt","og_description":"Hallo, wir sind Martina und Martina und arbeiten gemeinsam in der K\u00e4fergruppe. Die K\u00e4fergruppe ist eine Krippengruppe mit 10 Kindern von 1-3 Jahren. Wir sind am liebsten drau\u00dfen. Au\u00dferdem experimentieren wir gerne mit Matsch, Tusche und Knete. Es ist uns wichtig, dass jedes Kind so sein kann, wie es ist: Mit all seinen St\u00e4rken und ... Weiterlesen ...","og_url":"https:\/\/kita-padenstedt.de\/index.php\/kaefergruppe\/","og_site_name":"Kita Padenstedt","article_modified_time":"2024-10-11T10:17:28+00:00","og_image":[{"url":"https:\/\/kita-padenstedt.de\/wp-content\/uploads\/2020\/08\/DSC03343-1-156x300.jpg","type":"","width":"","height":""}],"twitter_card":"summary_large_image","twitter_misc":{"Gesch\u00e4tzte Lesezeit":"1\u00a0Minute"},"schema":{"@context":"https:\/\/schema.org","@graph":[{"@type":"WebPage","@id":"https:\/\/kita-padenstedt.de\/index.php\/kaefergruppe\/","url":"https:\/\/kita-padenstedt.de\/index.php\/kaefergruppe\/","name":"K\u00e4fergruppe - Kita Padenstedt","isPartOf":{"@id":"https:\/\/kita-padenstedt.de\/#website"},"primaryImageOfPage":{"@id":"https:\/\/kita-padenstedt.de\/index.php\/kaefergruppe\/#primaryimage"},"image":{"@id":"https:\/\/kita-padenstedt.de\/index.php\/kaefergruppe\/#primaryimage"},"thumbnailUrl":"https:\/\/kita-padenstedt.de\/wp-content\/uploads\/2020\/08\/DSC03343-1-156x300.jpg","datePublished":"2020-08-20T14:40:22+00:00","dateModified":"2024-10-11T10:17:28+00:00","breadcrumb":{"@id":"https:\/\/kita-padenstedt.de\/index.php\/kaefergruppe\/#breadcrumb"},"inLanguage":"de","potentialAction":[{"@type":"ReadAction","target":["https:\/\/kita-padenstedt.de\/index.php\/kaefergruppe\/"]}]},{"@type":"ImageObject","inLanguage":"de","@id":"https:\/\/kita-padenstedt.de\/index.php\/kaefergruppe\/#primaryimage","url":"https:\/\/kita-padenstedt.de\/wp-content\/uploads\/2020\/08\/DSC03343-1-156x300.jpg","contentUrl":"https:\/\/kita-padenstedt.de\/wp-content\/uploads\/2020\/08\/DSC03343-1-156x300.jpg"},{"@type":"BreadcrumbList","@id":"https:\/\/kita-padenstedt.de\/index.php\/kaefergruppe\/#breadcrumb","itemListElement":[{"@type":"ListItem","position":1,"name":"Startseite","item":"https:\/\/kita-padenstedt.de\/"},{"@type":"ListItem","position":2,"name":"K\u00e4fergruppe"}]},{"@type":"WebSite","@id":"https:\/\/kita-padenstedt.de\/#website","url":"https:\/\/kita-padenstedt.de\/","name":"Kita Padenstedt","description":"Kita Padenstedt","publisher":{"@id":"https:\/\/kita-padenstedt.de\/#organization"},"potentialAction":[{"@type":"SearchAction","target":{"@type":"EntryPoint","urlTemplate":"https:\/\/kita-padenstedt.de\/?s={search_term_string}"},"query-input":{"@type":"PropertyValueSpecification","valueRequired":true,"valueName":"search_term_string"}}],"inLanguage":"de"},{"@type":"Organization","@id":"https:\/\/kita-padenstedt.de\/#organization","name":"Kita Padenstedt","url":"https:\/\/kita-padenstedt.de\/","logo":{"@type":"ImageObject","inLanguage":"de","@id":"https:\/\/kita-padenstedt.de\/#\/schema\/logo\/image\/","url":"https:\/\/kita-padenstedt.de\/wp-content\/uploads\/2020\/09\/logo_padenstedt-1.png","contentUrl":"https:\/\/kita-padenstedt.de\/wp-content\/uploads\/2020\/09\/logo_padenstedt-1.png","width":1067,"height":177,"caption":"Kita Padenstedt"},"image":{"@id":"https:\/\/kita-padenstedt.de\/#\/schema\/logo\/image\/"}}]}},"_links":{"self":[{"href":"https:\/\/kita-padenstedt.de\/index.php\/wp-json\/wp\/v2\/pages\/282"}],"collection":[{"href":"https:\/\/kita-padenstedt.de\/index.php\/wp-json\/wp\/v2\/pages"}],"about":[{"href":"https:\/\/kita-padenstedt.de\/index.php\/wp-json\/wp\/v2\/types\/page"}],"author":[{"embeddable":true,"href":"https:\/\/kita-padenstedt.de\/index.php\/wp-json\/wp\/v2\/users\/2"}],"replies":[{"embeddable":true,"href":"https:\/\/kita-padenstedt.de\/index.php\/wp-json\/wp\/v2\/comments?post=282"}],"version-history":[{"count":18,"href":"https:\/\/kita-padenstedt.de\/index.php\/wp-json\/wp\/v2\/pages\/282\/revisions"}],"predecessor-version":[{"id":1192,"href":"https:\/\/kita-padenstedt.de\/index.php\/wp-json\/wp\/v2\/pages\/282\/revisions\/1192"}],"wp:attachment":[{"href":"https:\/\/kita-padenstedt.de\/index.php\/wp-json\/wp\/v2\/media?parent=282"}],"curies":[{"name":"wp","href":"https:\/\/api.w.org\/{rel}","templated":true}]}}

Käfergruppe

<p><img loading="lazy" decoding="async" class="size-medium wp-image-398 alignleft" src="https://kita-padenstedt.de/wp-content/uploads/2020/08/DSC03343-1-156x300.jpg" alt="" width="156" height="300" srcset="https://kita-padenstedt.de/wp-content/uploads/2020/08/DSC03343-1-156x300.jpg 156w, https://kita-padenstedt.de/wp-content/uploads/2020/08/DSC03343-1-532x1024.jpg 532w, https://kita-padenstedt.de/wp-content/uploads/2020/08/DSC03343-1-768x1479.jpg 768w, https://kita-padenstedt.de/wp-content/uploads/2020/08/DSC03343-1-798x1536.jpg 798w, https://kita-padenstedt.de/wp-content/uploads/2020/08/DSC03343-1-1064x2048.jpg 1064w, https://kita-padenstedt.de/wp-content/uploads/2020/08/DSC03343-1-scaled.jpg 1330w" sizes="(max-width: 156px) 100vw, 156px" /></p>
<p>Hallo,</p>
<p>wir sind Martina und Martina und arbeiten gemeinsam in der Käfergruppe.</p>
<p>Die Käfergruppe ist eine Krippengruppe mit 10 Kindern von 1-3 Jahren. Wir sind am liebsten draußen.</p>
<p>Außerdem experimentieren wir gerne mit Matsch, Tusche und Knete.</p>
<p>Es ist uns wichtig, dass jedes Kind so sein kann, wie es ist: Mit all seinen Stärken und Schwächen. Jedes Kind kann sich bei uns in seinem eigenen Tempo entwickeln. Dafür planen wir Angebote oder strukturieren unseren Alltag so, dass jedes Kind seinen eigenen Bedürfnissen nachgehen kann.</p>
<p>&nbsp;</p>

<p>Hallo, wir sind Martina und Martina und arbeiten gemeinsam in der Käfergruppe. Die Käfergruppe ist eine Krippengruppe mit 10 Kindern von 1-3 Jahren. Wir sind am liebsten draußen. Außerdem experimentieren wir gerne mit Matsch, Tusche und Knete. Es ist uns wichtig, dass jedes Kind so sein kann, wie es ist: Mit all seinen Stärken und &#8230; <a title="Käfergruppe" class="read-more" href="https://kita-padenstedt.de/index.php/kaefergruppe/">Weiterlesen &#8230;</a></p>

<!-- This site is optimized with the Yoast SEO plugin v25.6 - https://yoast.com/wordpress/plugins/seo/ -->
<title>Käfergruppe - Kita Padenstedt</title>
<meta name="robots" content="index, follow, max-snippet:-1, max-image-preview:large, max-video-preview:-1" />
<link rel="canonical" href="https://kita-padenstedt.de/index.php/kaefergruppe/" />
<meta property="og:locale" content="de_DE" />
<meta property="og:type" content="article" />
<meta property="og:title" content="Käfergruppe - Kita Padenstedt" />
<meta property="og:description" content="Hallo, wir sind Martina und Martina und arbeiten gemeinsam in der Käfergruppe. Die Käfergruppe ist eine Krippengruppe mit 10 Kindern von 1-3 Jahren. Wir sind am liebsten draußen. Außerdem experimentieren wir gerne mit Matsch, Tusche und Knete. Es ist uns wichtig, dass jedes Kind so sein kann, wie es ist: Mit all seinen Stärken und ... Weiterlesen ..." />
<meta property="og:url" content="https://kita-padenstedt.de/index.php/kaefergruppe/" />
<meta property="og:site_name" content="Kita Padenstedt" />
<meta property="article:modified_time" content="2024-10-11T10:17:28+00:00" />
<meta property="og:image" content="https://kita-padenstedt.de/wp-content/uploads/2020/08/DSC03343-1-156x300.jpg" />
<meta name="twitter:card" content="summary_large_image" />
<meta name="twitter:label1" content="Geschätzte Lesezeit" />
	<meta name="twitter:data1" content="1 Minute" />
<script type="application/ld+json" class="yoast-schema-graph">{"@context":"https://schema.org","@graph":[{"@type":"WebPage","@id":"https://kita-padenstedt.de/index.php/kaefergruppe/","url":"https://kita-padenstedt.de/index.php/kaefergruppe/","name":"Käfergruppe - Kita Padenstedt","isPartOf":{"@id":"https://kita-padenstedt.de/#website"},"primaryImageOfPage":{"@id":"https://kita-padenstedt.de/index.php/kaefergruppe/#primaryimage"},"image":{"@id":"https://kita-padenstedt.de/index.php/kaefergruppe/#primaryimage"},"thumbnailUrl":"https://kita-padenstedt.de/wp-content/uploads/2020/08/DSC03343-1-156x300.jpg","datePublished":"2020-08-20T14:40:22+00:00","dateModified":"2024-10-11T10:17:28+00:00","breadcrumb":{"@id":"https://kita-padenstedt.de/index.php/kaefergruppe/#breadcrumb"},"inLanguage":"de","potentialAction":[{"@type":"ReadAction","target":["https://kita-padenstedt.de/index.php/kaefergruppe/"]}]},{"@type":"ImageObject","inLanguage":"de","@id":"https://kita-padenstedt.de/index.php/kaefergruppe/#primaryimage","url":"https://kita-padenstedt.de/wp-content/uploads/2020/08/DSC03343-1-156x300.jpg","contentUrl":"https://kita-padenstedt.de/wp-content/uploads/2020/08/DSC03343-1-156x300.jpg"},{"@type":"BreadcrumbList","@id":"https://kita-padenstedt.de/index.php/kaefergruppe/#breadcrumb","itemListElement":[{"@type":"ListItem","position":1,"name":"Startseite","item":"https://kita-padenstedt.de/"},{"@type":"ListItem","position":2,"name":"Käfergruppe"}]},{"@type":"WebSite","@id":"https://kita-padenstedt.de/#website","url":"https://kita-padenstedt.de/","name":"Kita Padenstedt","description":"Kita Padenstedt","publisher":{"@id":"https://kita-padenstedt.de/#organization"},"potentialAction":[{"@type":"SearchAction","target":{"@type":"EntryPoint","urlTemplate":"https://kita-padenstedt.de/?s={search_term_string}"},"query-input":{"@type":"PropertyValueSpecification","valueRequired":true,"valueName":"search_term_string"}}],"inLanguage":"de"},{"@type":"Organization","@id":"https://kita-padenstedt.de/#organization","name":"Kita Padenstedt","url":"https://kita-padenstedt.de/","logo":{"@type":"ImageObject","inLanguage":"de","@id":"https://kita-padenstedt.de/#/schema/logo/image/","url":"https://kita-padenstedt.de/wp-content/uploads/2020/09/logo_padenstedt-1.png","contentUrl":"https://kita-padenstedt.de/wp-content/uploads/2020/09/logo_padenstedt-1.png","width":1067,"height":177,"caption":"Kita Padenstedt"},"image":{"@id":"https://kita-padenstedt.de/#/schema/logo/image/"}}]}</script>
<!-- / Yoast SEO plugin. -->

Käfergruppe - Kita Padenstedt

Hallo, wir sind Martina und Martina und arbeiten gemeinsam in der Käfergruppe. Die Käfergruppe ist eine Krippengruppe mit 10 Kindern von 1-3 Jahren. Wir sind am liebsten draußen. Außerdem experimentieren wir gerne mit Matsch, Tusche und Knete. Es ist uns wichtig, dass jedes Kind so sein kann, wie es ist: Mit all seinen Stärken und ... Weiterlesen ...
