{"id":33,"date":"2020-04-26T11:23:17","date_gmt":"2020-04-26T11:23:17","guid":{"rendered":"https:\/\/kita-padenstedt.de\/wp\/?page_id=33"},"modified":"2026-03-26T12:48:33","modified_gmt":"2026-03-26T11:48:33","slug":"home","status":"publish","type":"page","link":"https:\/\/kita-padenstedt.de\/","title":{"rendered":"Startseite"},"content":{"rendered":"<p><img loading=\"lazy\" decoding=\"async\" class=\" wp-image-1189 aligncenter\" src=\"https:\/\/kita-padenstedt.de\/wp-content\/uploads\/2024\/09\/Eingangsfoto-300x225.jpg\" alt=\"\" width=\"552\" height=\"414\" srcset=\"https:\/\/kita-padenstedt.de\/wp-content\/uploads\/2024\/09\/Eingangsfoto-300x225.jpg 300w, https:\/\/kita-padenstedt.de\/wp-content\/uploads\/2024\/09\/Eingangsfoto-1024x768.jpg 1024w, https:\/\/kita-padenstedt.de\/wp-content\/uploads\/2024\/09\/Eingangsfoto-768x576.jpg 768w, https:\/\/kita-padenstedt.de\/wp-content\/uploads\/2024\/09\/Eingangsfoto-1536x1152.jpg 1536w, https:\/\/kita-padenstedt.de\/wp-content\/uploads\/2024\/09\/Eingangsfoto-2048x1536.jpg 2048w\" sizes=\"(max-width: 552px) 100vw, 552px\" \/><\/p>\n<p><img loading=\"lazy\" decoding=\"async\" class=\"wp-image-789 alignleft\" src=\"https:\/\/kita-padenstedt.de\/wp-content\/uploads\/2021\/11\/IMG_1703-225x300.jpg\" alt=\"\" width=\"146\" height=\"195\" srcset=\"https:\/\/kita-padenstedt.de\/wp-content\/uploads\/2021\/11\/IMG_1703-225x300.jpg 225w, https:\/\/kita-padenstedt.de\/wp-content\/uploads\/2021\/11\/IMG_1703-768x1024.jpg 768w, https:\/\/kita-padenstedt.de\/wp-content\/uploads\/2021\/11\/IMG_1703-1152x1536.jpg 1152w, https:\/\/kita-padenstedt.de\/wp-content\/uploads\/2021\/11\/IMG_1703-1536x2048.jpg 1536w, https:\/\/kita-padenstedt.de\/wp-content\/uploads\/2021\/11\/IMG_1703-scaled.jpg 1920w\" sizes=\"(max-width: 146px) 100vw, 146px\" \/> <img loading=\"lazy\" decoding=\"async\" class=\"wp-image-790 alignright\" src=\"https:\/\/kita-padenstedt.de\/wp-content\/uploads\/2021\/11\/IMG_1702-225x300.jpg\" alt=\"\" width=\"146\" height=\"195\" srcset=\"https:\/\/kita-padenstedt.de\/wp-content\/uploads\/2021\/11\/IMG_1702-225x300.jpg 225w, https:\/\/kita-padenstedt.de\/wp-content\/uploads\/2021\/11\/IMG_1702-768x1024.jpg 768w, https:\/\/kita-padenstedt.de\/wp-content\/uploads\/2021\/11\/IMG_1702-1152x1536.jpg 1152w, https:\/\/kita-padenstedt.de\/wp-content\/uploads\/2021\/11\/IMG_1702-1536x2048.jpg 1536w, https:\/\/kita-padenstedt.de\/wp-content\/uploads\/2021\/11\/IMG_1702-scaled.jpg 1920w\" sizes=\"(max-width: 146px) 100vw, 146px\" \/><\/p>\n<p>Herzlich Willkommen auf der Homepage der Kita-Padenstedt.<\/p>\n<p>Unsere Kita liegt im beschaulichen Ort Padenstedt, an der Stadtgrenze zu Neum\u00fcnster. Das ruhige Leben unserer Gemeinde findet sich auch in unserem Kita-Alltag wieder.<\/p>\n<p>In unserem Haus, das montags bis freitags von 7-15 Uhr ge\u00f6ffnet hat, finden 80 Kinder in 3 Elementar- , und 2 Krippengruppen eine offene und herzliche Umgebung.<\/p>\n<p>Die Gruppenkernzeit ist von 8-13 Uhr, die Kinder, die mehr Betreuungsstunden haben, werden bei uns von 7-8 Uhr und ab 13 Uhr gruppen\u00fcbergreifend zusammengefasst, so entstehen weitere Spielm\u00f6glichkeiten und Freundschaften.<\/p>\n<p>Wir schlie\u00dfen in den letzten 3 Wochen der schleswig-holsteinischen Sommerferien und zwischen Weihnachten und Neujahr.<\/p>\n<p><img loading=\"lazy\" decoding=\"async\" class=\"size-full wp-image-1231 aligncenter\" src=\"https:\/\/kita-padenstedt.de\/wp-content\/uploads\/2026\/03\/Sonne.jpg\" alt=\"\" width=\"300\" height=\"300\" srcset=\"https:\/\/kita-padenstedt.de\/wp-content\/uploads\/2026\/03\/Sonne.jpg 300w, https:\/\/kita-padenstedt.de\/wp-content\/uploads\/2026\/03\/Sonne-150x150.jpg 150w\" sizes=\"(max-width: 300px) 100vw, 300px\" \/><\/p>\n<p>Unser Team besteht aus p\u00e4dagogischen Fachkr\u00e4ften, Auszubildenen, Bundesfreiwillige, Hauswirtschafts- und Reinigungskr\u00e4fte und einem Hausmeister. \ud83d\ude42<\/p>\n<p>&nbsp;<\/p>\n<p><img loading=\"lazy\" decoding=\"async\" class=\"size-medium wp-image-1234 aligncenter\" src=\"https:\/\/kita-padenstedt.de\/wp-content\/uploads\/2026\/03\/Sonnensegel2025-300x225.jpg\" alt=\"\" width=\"300\" height=\"225\" srcset=\"https:\/\/kita-padenstedt.de\/wp-content\/uploads\/2026\/03\/Sonnensegel2025-300x225.jpg 300w, https:\/\/kita-padenstedt.de\/wp-content\/uploads\/2026\/03\/Sonnensegel2025.jpg 640w\" sizes=\"(max-width: 300px) 100vw, 300px\" \/><\/p>\n<p style=\"text-align: center;\">Wir freuen uns auf Euch.<\/p>\n<p>____________________________________________________<\/p>\n<p>&nbsp;<\/p>\n","protected":false},"excerpt":{"rendered":"<p>Herzlich Willkommen auf der Homepage der Kita-Padenstedt. Unsere Kita liegt im beschaulichen Ort Padenstedt, an der Stadtgrenze zu Neum\u00fcnster. Das ruhige Leben unserer Gemeinde findet sich auch in unserem Kita-Alltag wieder. In unserem Haus, das montags bis freitags von 7-15 Uhr ge\u00f6ffnet hat, finden 80 Kinder in 3 Elementar- , und 2 Krippengruppen eine offene &#8230; <a title=\"Startseite\" class=\"read-more\" href=\"https:\/\/kita-padenstedt.de\/\">Weiterlesen &#8230;<\/a><\/p>\n","protected":false},"author":1,"featured_media":0,"parent":0,"menu_order":0,"comment_status":"closed","ping_status":"closed","template":"","meta":{"ngg_post_thumbnail":0,"footnotes":""},"class_list":["post-33","page","type-page","status-publish"],"yoast_head":"<!-- This site is optimized with the Yoast SEO plugin v25.6 - https:\/\/yoast.com\/wordpress\/plugins\/seo\/ -->\n<title>Startseite - Kita Padenstedt<\/title>\n<meta name=\"robots\" content=\"index, follow, max-snippet:-1, max-image-preview:large, max-video-preview:-1\" \/>\n<link rel=\"canonical\" href=\"https:\/\/kita-padenstedt.de\/\" \/>\n<meta property=\"og:locale\" content=\"de_DE\" \/>\n<meta property=\"og:type\" content=\"article\" \/>\n<meta property=\"og:title\" content=\"Startseite - Kita Padenstedt\" \/>\n<meta property=\"og:description\" content=\"Herzlich Willkommen auf der Homepage der Kita-Padenstedt. Unsere Kita liegt im beschaulichen Ort Padenstedt, an der Stadtgrenze zu Neum\u00fcnster. Das ruhige Leben unserer Gemeinde findet sich auch in unserem Kita-Alltag wieder. In unserem Haus, das montags bis freitags von 7-15 Uhr ge\u00f6ffnet hat, finden 80 Kinder in 3 Elementar- , und 2 Krippengruppen eine offene ... Weiterlesen ...\" \/>\n<meta property=\"og:url\" content=\"https:\/\/kita-padenstedt.de\/\" \/>\n<meta property=\"og:site_name\" content=\"Kita Padenstedt\" \/>\n<meta property=\"article:modified_time\" content=\"2026-03-26T11:48:33+00:00\" \/>\n<meta property=\"og:image\" content=\"https:\/\/kita-padenstedt.de\/wp-content\/uploads\/2024\/09\/Eingangsfoto-scaled.jpg\" \/>\n\t<meta property=\"og:image:width\" content=\"2560\" \/>\n\t<meta property=\"og:image:height\" content=\"1920\" \/>\n\t<meta property=\"og:image:type\" content=\"image\/jpeg\" \/>\n<meta name=\"twitter:card\" content=\"summary_large_image\" \/>\n<meta name=\"twitter:label1\" content=\"Gesch\u00e4tzte Lesezeit\" \/>\n\t<meta name=\"twitter:data1\" content=\"2\u00a0Minuten\" \/>\n<script type=\"application\/ld+json\" class=\"yoast-schema-graph\">{\"@context\":\"https:\/\/schema.org\",\"@graph\":[{\"@type\":\"WebPage\",\"@id\":\"https:\/\/kita-padenstedt.de\/\",\"url\":\"https:\/\/kita-padenstedt.de\/\",\"name\":\"Startseite - Kita Padenstedt\",\"isPartOf\":{\"@id\":\"https:\/\/kita-padenstedt.de\/#website\"},\"primaryImageOfPage\":{\"@id\":\"https:\/\/kita-padenstedt.de\/#primaryimage\"},\"image\":{\"@id\":\"https:\/\/kita-padenstedt.de\/#primaryimage\"},\"thumbnailUrl\":\"https:\/\/kita-padenstedt.de\/wp-content\/uploads\/2024\/09\/Eingangsfoto-300x225.jpg\",\"datePublished\":\"2020-04-26T11:23:17+00:00\",\"dateModified\":\"2026-03-26T11:48:33+00:00\",\"breadcrumb\":{\"@id\":\"https:\/\/kita-padenstedt.de\/#breadcrumb\"},\"inLanguage\":\"de\",\"potentialAction\":[{\"@type\":\"ReadAction\",\"target\":[\"https:\/\/kita-padenstedt.de\/\"]}]},{\"@type\":\"ImageObject\",\"inLanguage\":\"de\",\"@id\":\"https:\/\/kita-padenstedt.de\/#primaryimage\",\"url\":\"https:\/\/kita-padenstedt.de\/wp-content\/uploads\/2024\/09\/Eingangsfoto-scaled.jpg\",\"contentUrl\":\"https:\/\/kita-padenstedt.de\/wp-content\/uploads\/2024\/09\/Eingangsfoto-scaled.jpg\",\"width\":2560,\"height\":1920},{\"@type\":\"BreadcrumbList\",\"@id\":\"https:\/\/kita-padenstedt.de\/#breadcrumb\",\"itemListElement\":[{\"@type\":\"ListItem\",\"position\":1,\"name\":\"Startseite\",\"item\":\"https:\/\/kita-padenstedt.de\/\"},{\"@type\":\"ListItem\",\"position\":2,\"name\":\"Startseite\"}]},{\"@type\":\"WebSite\",\"@id\":\"https:\/\/kita-padenstedt.de\/#website\",\"url\":\"https:\/\/kita-padenstedt.de\/\",\"name\":\"Kita Padenstedt\",\"description\":\"Kita Padenstedt\",\"publisher\":{\"@id\":\"https:\/\/kita-padenstedt.de\/#organization\"},\"potentialAction\":[{\"@type\":\"SearchAction\",\"target\":{\"@type\":\"EntryPoint\",\"urlTemplate\":\"https:\/\/kita-padenstedt.de\/?s={search_term_string}\"},\"query-input\":{\"@type\":\"PropertyValueSpecification\",\"valueRequired\":true,\"valueName\":\"search_term_string\"}}],\"inLanguage\":\"de\"},{\"@type\":\"Organization\",\"@id\":\"https:\/\/kita-padenstedt.de\/#organization\",\"name\":\"Kita Padenstedt\",\"url\":\"https:\/\/kita-padenstedt.de\/\",\"logo\":{\"@type\":\"ImageObject\",\"inLanguage\":\"de\",\"@id\":\"https:\/\/kita-padenstedt.de\/#\/schema\/logo\/image\/\",\"url\":\"https:\/\/kita-padenstedt.de\/wp-content\/uploads\/2020\/09\/logo_padenstedt-1.png\",\"contentUrl\":\"https:\/\/kita-padenstedt.de\/wp-content\/uploads\/2020\/09\/logo_padenstedt-1.png\",\"width\":1067,\"height\":177,\"caption\":\"Kita Padenstedt\"},\"image\":{\"@id\":\"https:\/\/kita-padenstedt.de\/#\/schema\/logo\/image\/\"}}]}<\/script>\n<!-- \/ Yoast SEO plugin. -->","yoast_head_json":{"title":"Startseite - Kita Padenstedt","robots":{"index":"index","follow":"follow","max-snippet":"max-snippet:-1","max-image-preview":"max-image-preview:large","max-video-preview":"max-video-preview:-1"},"canonical":"https:\/\/kita-padenstedt.de\/","og_locale":"de_DE","og_type":"article","og_title":"Startseite - Kita Padenstedt","og_description":"Herzlich Willkommen auf der Homepage der Kita-Padenstedt. Unsere Kita liegt im beschaulichen Ort Padenstedt, an der Stadtgrenze zu Neum\u00fcnster. Das ruhige Leben unserer Gemeinde findet sich auch in unserem Kita-Alltag wieder. In unserem Haus, das montags bis freitags von 7-15 Uhr ge\u00f6ffnet hat, finden 80 Kinder in 3 Elementar- , und 2 Krippengruppen eine offene ... Weiterlesen ...","og_url":"https:\/\/kita-padenstedt.de\/","og_site_name":"Kita Padenstedt","article_modified_time":"2026-03-26T11:48:33+00:00","og_image":[{"width":2560,"height":1920,"url":"https:\/\/kita-padenstedt.de\/wp-content\/uploads\/2024\/09\/Eingangsfoto-scaled.jpg","type":"image\/jpeg"}],"twitter_card":"summary_large_image","twitter_misc":{"Gesch\u00e4tzte Lesezeit":"2\u00a0Minuten"},"schema":{"@context":"https:\/\/schema.org","@graph":[{"@type":"WebPage","@id":"https:\/\/kita-padenstedt.de\/","url":"https:\/\/kita-padenstedt.de\/","name":"Startseite - Kita Padenstedt","isPartOf":{"@id":"https:\/\/kita-padenstedt.de\/#website"},"primaryImageOfPage":{"@id":"https:\/\/kita-padenstedt.de\/#primaryimage"},"image":{"@id":"https:\/\/kita-padenstedt.de\/#primaryimage"},"thumbnailUrl":"https:\/\/kita-padenstedt.de\/wp-content\/uploads\/2024\/09\/Eingangsfoto-300x225.jpg","datePublished":"2020-04-26T11:23:17+00:00","dateModified":"2026-03-26T11:48:33+00:00","breadcrumb":{"@id":"https:\/\/kita-padenstedt.de\/#breadcrumb"},"inLanguage":"de","potentialAction":[{"@type":"ReadAction","target":["https:\/\/kita-padenstedt.de\/"]}]},{"@type":"ImageObject","inLanguage":"de","@id":"https:\/\/kita-padenstedt.de\/#primaryimage","url":"https:\/\/kita-padenstedt.de\/wp-content\/uploads\/2024\/09\/Eingangsfoto-scaled.jpg","contentUrl":"https:\/\/kita-padenstedt.de\/wp-content\/uploads\/2024\/09\/Eingangsfoto-scaled.jpg","width":2560,"height":1920},{"@type":"BreadcrumbList","@id":"https:\/\/kita-padenstedt.de\/#breadcrumb","itemListElement":[{"@type":"ListItem","position":1,"name":"Startseite","item":"https:\/\/kita-padenstedt.de\/"},{"@type":"ListItem","position":2,"name":"Startseite"}]},{"@type":"WebSite","@id":"https:\/\/kita-padenstedt.de\/#website","url":"https:\/\/kita-padenstedt.de\/","name":"Kita Padenstedt","description":"Kita Padenstedt","publisher":{"@id":"https:\/\/kita-padenstedt.de\/#organization"},"potentialAction":[{"@type":"SearchAction","target":{"@type":"EntryPoint","urlTemplate":"https:\/\/kita-padenstedt.de\/?s={search_term_string}"},"query-input":{"@type":"PropertyValueSpecification","valueRequired":true,"valueName":"search_term_string"}}],"inLanguage":"de"},{"@type":"Organization","@id":"https:\/\/kita-padenstedt.de\/#organization","name":"Kita Padenstedt","url":"https:\/\/kita-padenstedt.de\/","logo":{"@type":"ImageObject","inLanguage":"de","@id":"https:\/\/kita-padenstedt.de\/#\/schema\/logo\/image\/","url":"https:\/\/kita-padenstedt.de\/wp-content\/uploads\/2020\/09\/logo_padenstedt-1.png","contentUrl":"https:\/\/kita-padenstedt.de\/wp-content\/uploads\/2020\/09\/logo_padenstedt-1.png","width":1067,"height":177,"caption":"Kita Padenstedt"},"image":{"@id":"https:\/\/kita-padenstedt.de\/#\/schema\/logo\/image\/"}}]}},"_links":{"self":[{"href":"https:\/\/kita-padenstedt.de\/index.php\/wp-json\/wp\/v2\/pages\/33"}],"collection":[{"href":"https:\/\/kita-padenstedt.de\/index.php\/wp-json\/wp\/v2\/pages"}],"about":[{"href":"https:\/\/kita-padenstedt.de\/index.php\/wp-json\/wp\/v2\/types\/page"}],"author":[{"embeddable":true,"href":"https:\/\/kita-padenstedt.de\/index.php\/wp-json\/wp\/v2\/users\/1"}],"replies":[{"embeddable":true,"href":"https:\/\/kita-padenstedt.de\/index.php\/wp-json\/wp\/v2\/comments?post=33"}],"version-history":[{"count":113,"href":"https:\/\/kita-padenstedt.de\/index.php\/wp-json\/wp\/v2\/pages\/33\/revisions"}],"predecessor-version":[{"id":1235,"href":"https:\/\/kita-padenstedt.de\/index.php\/wp-json\/wp\/v2\/pages\/33\/revisions\/1235"}],"wp:attachment":[{"href":"https:\/\/kita-padenstedt.de\/index.php\/wp-json\/wp\/v2\/media?parent=33"}],"curies":[{"name":"wp","href":"https:\/\/api.w.org\/{rel}","templated":true}]}}